{"id":370,"date":"2024-10-10T15:08:22","date_gmt":"2024-10-10T13:08:22","guid":{"rendered":"https:\/\/aotlcyclisme.fr\/?page_id=370"},"modified":"2024-10-10T15:09:09","modified_gmt":"2024-10-10T13:09:09","slug":"presentations-des-groupes","status":"publish","type":"page","link":"https:\/\/aotlcyclisme.fr\/index.php\/presentations-des-groupes\/","title":{"rendered":"Pr\u00e9sentations des groupes"},"content":{"rendered":"<p style=\"text-align: center;\"><span style=\"font-size: 18pt;\"><strong><span style=\"font-family: tahoma, arial, helvetica, sans-serif;\">Pr\u00e9sentations des groupes<\/span><\/strong><\/span><\/p>\n<p><span style=\"font-family: tahoma, arial, helvetica, sans-serif;\">Le club se divise en 5 groupes&nbsp;<\/span><\/p>\n<ol>\n<li><span style=\"font-family: tahoma, arial, helvetica, sans-serif; color: #99cc00;\"><strong>Explorateurs<\/strong> (d\u00e9butants)<\/span><\/li>\n<li><span style=\"font-family: tahoma, arial, helvetica, sans-serif; color: #ffcc00;\"><strong>Aventuriers<\/strong> (niveau interm\u00e9diaire)<\/span><\/li>\n<li><span style=\"font-family: tahoma, arial, helvetica, sans-serif; color: #00ccff;\"><strong>Challengers<\/strong> (niveau avanc\u00e9)<\/span><\/li>\n<li><span style=\"font-family: tahoma, arial, helvetica, sans-serif; color: #ff0000;\"><strong>\u00c9lite Riders<\/strong> (experts)<\/span><\/li>\n<li><span style=\"font-family: tahoma, arial, helvetica, sans-serif; color: #ff00ff;\"><strong>E-Riders<\/strong> (VTT \u00e9lectrique)<\/span><\/li>\n<\/ol>\n<p><span style=\"font-family: tahoma, arial, helvetica, sans-serif;\">Ces noms refl\u00e8tent une progression en termes de comp\u00e9tences et d&#8217;exp\u00e9rience sur le VTT.<\/span><\/p>\n<ul>\n<li><span style=\"font-family: tahoma, arial, helvetica, sans-serif; color: #99cc00;\"><strong>Explorateurs<\/strong> (d\u00e9butants)<\/span><br \/>\n<span style=\"font-family: tahoma, arial, helvetica, sans-serif;\">Ce groupe est destin\u00e9 aux nouveaux venus dans le VTT. Les <span style=\"color: #99cc00;\"><strong>Explorateurs<\/strong><\/span> apprennent les bases : ma\u00eetriser leur v\u00e9lo, d\u00e9couvrir des chemins faciles, et comprendre les techniques de pilotage essentielles. Les sorties sont souvent plus courtes, avec un terrain relativement plat et peu technique.<\/span><\/li>\n<\/ul>\n<p>&nbsp;<\/p>\n<ul>\n<li><span style=\"font-family: tahoma, arial, helvetica, sans-serif; color: #ff9900;\"><strong>Aventuriers<\/strong> (niveau interm\u00e9diaire)<\/span><br \/>\n<span style=\"font-family: tahoma, arial, helvetica, sans-serif;\">Les <span style=\"color: #ff9900;\"><strong>Aventuriers<\/strong><\/span> ont acquis une certaine exp\u00e9rience sur le VTT et sont pr\u00eats \u00e0 relever des d\u00e9fis mod\u00e9r\u00e9s. Ils commencent \u00e0 s\u2019aventurer sur des terrains plus vari\u00e9s, avec des mont\u00e9es, des descentes et des obstacles techniques mod\u00e9r\u00e9s. Ils cherchent \u00e0 am\u00e9liorer leur endurance et \u00e0 perfectionner leurs comp\u00e9tences de pilotage.<\/span><\/li>\n<\/ul>\n<p>&nbsp;<\/p>\n<ul>\n<li><span style=\"font-family: tahoma, arial, helvetica, sans-serif; color: #00ccff;\"><strong>Challengers<\/strong> (niveau avanc\u00e9)<\/span><br \/>\n<span style=\"font-family: tahoma, arial, helvetica, sans-serif;\">Ce groupe regroupe des cyclistes ayant d\u00e9j\u00e0 une ma\u00eetrise avanc\u00e9e du VTT. Les <span style=\"color: #00ccff;\"><strong>Challengers<\/strong><\/span> s\u2019attaquent \u00e0 des parcours techniques plus complexes, avec des descentes rapides, des virages serr\u00e9s et des obstacles difficiles. L\u2019accent est mis sur la performance, le contr\u00f4le du v\u00e9lo et l\u2019am\u00e9lioration des temps de parcours.<\/span><\/li>\n<\/ul>\n<p>&nbsp;<\/p>\n<ul>\n<li><span style=\"font-family: tahoma, arial, helvetica, sans-serif; color: #ff0000;\"><strong>\u00c9lite Riders<\/strong> (experts)<\/span><br \/>\n<span style=\"font-family: tahoma, arial, helvetica, sans-serif;\">Les <span style=\"color: #ff0000;\"><strong>\u00c9lite Riders<\/strong><\/span> forment le groupe de niveau le plus \u00e9lev\u00e9. Ils ma\u00eetrisent parfaitement les aspects techniques et physiques du VTT. Capables de g\u00e9rer les terrains les plus extr\u00eames, ils participent souvent \u00e0 des comp\u00e9titions et sont \u00e0 la recherche de d\u00e9fis toujours plus grands. Les sorties incluent des parcours techniques, exigeants en endurance et en vitesse.<\/span><\/li>\n<\/ul>\n<p>&nbsp;<\/p>\n<ul>\n<li><span style=\"font-family: tahoma, arial, helvetica, sans-serif; color: #ff00ff;\"><strong>E-Riders<\/strong> (VTT \u00e9lectrique)<\/span><br \/>\n<span style=\"font-family: tahoma, arial, helvetica, sans-serif;\">Ce groupe est d\u00e9di\u00e9 aux adeptes de VTT \u00e9lectriques, qu&#8217;ils soient d\u00e9butants ou confirm\u00e9s. Les <span style=\"color: #ff00ff;\"><strong>E-Riders<\/strong><\/span> exploitent les capacit\u00e9s suppl\u00e9mentaires offertes par l&#8217;assistance \u00e9lectrique pour explorer des terrains plus exigeants ou effectuer des sorties plus longues. Ce groupe permet de d\u00e9couvrir de nouveaux parcours, tout en profitant de l&#8217;assistance pour g\u00e9rer les mont\u00e9es ou prolonger l&#8217;effort. L&#8217;accent est mis sur l&#8217;optimisation de l&#8217;utilisation du VTT \u00e9lectrique et l&#8217;adaptation aux terrains vari\u00e9s, sans n\u00e9gliger les techniques de pilotage. Ce groupe permet une pratique diversifi\u00e9e, adapt\u00e9e aux nouveaux venus dans le VTT \u00e9lectrique ou \u00e0 ceux qui cherchent \u00e0 am\u00e9liorer leurs comp\u00e9tences avec ce type de v\u00e9lo.<\/span><\/li>\n<\/ul>\n<p>&nbsp;<\/p>\n<p><span style=\"font-family: tahoma, arial, helvetica, sans-serif;\">Chaque groupe permet une progression adapt\u00e9e \u00e0 chaque niveau de comp\u00e9tence en VTT.<\/span><\/p>\n","protected":false},"excerpt":{"rendered":"<p>Pr\u00e9sentations des groupes Le club se divise en 5 groupes&nbsp; Explorateurs (d\u00e9butants) Aventuriers (niveau interm\u00e9diaire) Challengers (niveau avanc\u00e9) \u00c9lite Riders (experts) E-Riders (VTT \u00e9lectrique) Ces noms refl\u00e8tent une progression en termes de comp\u00e9tences et d&#8217;exp\u00e9rience sur le VTT. Explorateurs (d\u00e9butants) Ce groupe est destin\u00e9 aux nouveaux venus dans le VTT. Les Explorateurs apprennent les bases [&hellip;]<\/p>\n","protected":false},"author":1,"featured_media":0,"parent":0,"menu_order":0,"comment_status":"closed","ping_status":"closed","template":"","meta":{"ngg_post_thumbnail":0,"footnotes":""},"folder":[],"class_list":["post-370","page","type-page","status-publish","hentry"],"_links":{"self":[{"href":"https:\/\/aotlcyclisme.fr\/index.php\/wp-json\/wp\/v2\/pages\/370","targetHints":{"allow":["GET"]}}],"collection":[{"href":"https:\/\/aotlcyclisme.fr\/index.php\/wp-json\/wp\/v2\/pages"}],"about":[{"href":"https:\/\/aotlcyclisme.fr\/index.php\/wp-json\/wp\/v2\/types\/page"}],"author":[{"embeddable":true,"href":"https:\/\/aotlcyclisme.fr\/index.php\/wp-json\/wp\/v2\/users\/1"}],"replies":[{"embeddable":true,"href":"https:\/\/aotlcyclisme.fr\/index.php\/wp-json\/wp\/v2\/comments?post=370"}],"version-history":[{"count":3,"href":"https:\/\/aotlcyclisme.fr\/index.php\/wp-json\/wp\/v2\/pages\/370\/revisions"}],"predecessor-version":[{"id":506,"href":"https:\/\/aotlcyclisme.fr\/index.php\/wp-json\/wp\/v2\/pages\/370\/revisions\/506"}],"wp:attachment":[{"href":"https:\/\/aotlcyclisme.fr\/index.php\/wp-json\/wp\/v2\/media?parent=370"}],"wp:term":[{"taxonomy":"folder","embeddable":true,"href":"https:\/\/aotlcyclisme.fr\/index.php\/wp-json\/wp\/v2\/folder?post=370"}],"curies":[{"name":"wp","href":"https:\/\/api.w.org\/{rel}","templated":true}]}}