{"id":448,"date":"2024-10-10T07:08:19","date_gmt":"2024-10-10T05:08:19","guid":{"rendered":"https:\/\/aotlcyclisme.fr\/?page_id=448"},"modified":"2024-10-10T07:13:09","modified_gmt":"2024-10-10T05:13:09","slug":"categories-kid-vtt","status":"publish","type":"page","link":"https:\/\/aotlcyclisme.fr\/index.php\/categories-kid-vtt\/","title":{"rendered":"Cat\u00e9gories KID VTT"},"content":{"rendered":"<p style=\"text-align: center;\"><strong><span style=\"font-family: tahoma, arial, helvetica, sans-serif;\">CATEGORIES KID VTT 2025<\/span><\/strong><\/p>\n<table class=\" aligncenter\" style=\"font-weight: 400; width: 94.4719%; height: 415px;\" data-tablestyle=\"MsoNormalTable\" data-tablelook=\"1184\" aria-rowcount=\"6\">\n<tbody>\n<tr style=\"height: 12px; border-color: #000000; background-color: #d6d4d4;\" aria-rowindex=\"1\">\n<td style=\"width: 44.2475%; text-align: center; height: 12px;\" data-celllook=\"69905\"><span style=\"font-family: tahoma, arial, helvetica, sans-serif;\"><b>Ann\u00e9es de Naissance<\/b><\/span><\/td>\n<td style=\"width: 31.6207%; text-align: center; height: 12px;\" data-celllook=\"69905\"><span style=\"font-family: tahoma, arial, helvetica, sans-serif;\"><b>Cat\u00e9gorie<\/b>&nbsp;<\/span><\/td>\n<td style=\"width: 195.617%; text-align: center; height: 12px;\" data-celllook=\"69905\"><span style=\"font-family: tahoma, arial, helvetica, sans-serif;\"><strong>Temps de course<\/strong>&nbsp;<\/span><\/td>\n<\/tr>\n<tr style=\"border-color: #969696; height: 15px;\" aria-rowindex=\"2\">\n<td style=\"width: 44.2475%; text-align: center; height: 57px;\" data-celllook=\"69905\"><span style=\"font-family: tahoma, arial, helvetica, sans-serif;\">2011 et 2012&nbsp;<\/span><\/td>\n<td style=\"width: 31.6207%; text-align: center; height: 57px;\" data-celllook=\"69905\"><span style=\"font-family: tahoma, arial, helvetica, sans-serif;\">U 15&nbsp;<\/span><\/td>\n<td style=\"width: 195.617%; text-align: center; height: 57px;\" data-celllook=\"69905\"><span style=\"font-family: tahoma, arial, helvetica, sans-serif;\">30 \u00e0 45 min&nbsp;<\/span><\/td>\n<\/tr>\n<tr style=\"border-color: #969696; height: 15px;\" aria-rowindex=\"3\">\n<td style=\"width: 44.2475%; text-align: center; height: 57px;\" data-celllook=\"69905\"><span style=\"font-family: tahoma, arial, helvetica, sans-serif;\">2013 et 2014&nbsp;<\/span><\/td>\n<td style=\"width: 31.6207%; text-align: center; height: 57px;\" data-celllook=\"69905\"><span style=\"font-family: tahoma, arial, helvetica, sans-serif;\">U 13&nbsp;<\/span><\/td>\n<td style=\"width: 195.617%; text-align: center; height: 57px;\" data-celllook=\"69905\"><span style=\"font-family: tahoma, arial, helvetica, sans-serif;\">20 \u00e0 30 min&nbsp;<\/span><\/td>\n<\/tr>\n<tr style=\"border-color: #969696; height: 15px;\" aria-rowindex=\"4\">\n<td style=\"width: 44.2475%; text-align: center; height: 57px;\" data-celllook=\"69905\"><span style=\"font-family: tahoma, arial, helvetica, sans-serif;\">2015 et 2016&nbsp;<\/span><\/td>\n<td style=\"width: 31.6207%; text-align: center; height: 57px;\" data-celllook=\"69905\"><span style=\"font-family: tahoma, arial, helvetica, sans-serif;\">U 11&nbsp;<\/span><\/td>\n<td style=\"width: 195.617%; text-align: center; height: 57px;\" data-celllook=\"69905\"><span style=\"font-family: tahoma, arial, helvetica, sans-serif;\">10 \u00e0 20 min&nbsp;<\/span><\/td>\n<\/tr>\n<tr style=\"border-color: #969696; height: 15px;\" aria-rowindex=\"5\">\n<td style=\"width: 44.2475%; text-align: center; height: 57px;\" data-celllook=\"69905\"><span style=\"font-family: tahoma, arial, helvetica, sans-serif;\">2017 et 2018&nbsp;<\/span><\/td>\n<td style=\"width: 31.6207%; text-align: center; height: 57px;\" data-celllook=\"69905\"><span style=\"font-family: tahoma, arial, helvetica, sans-serif;\">U 9&nbsp;<\/span><\/td>\n<td style=\"width: 195.617%; text-align: center; height: 57px;\" data-celllook=\"69905\"><span style=\"font-family: tahoma, arial, helvetica, sans-serif;\">15 min maximum&nbsp;<\/span><\/td>\n<\/tr>\n<tr style=\"border-color: #969696; height: 15px;\" aria-rowindex=\"6\">\n<td style=\"width: 44.2475%; text-align: left; height: 57px;\" data-celllook=\"69905\">\n<p style=\"text-align: center;\"><span style=\"font-family: tahoma, arial, helvetica, sans-serif;\">2019 et 2020&nbsp;<\/span><\/p>\n<\/td>\n<td style=\"width: 31.6207%; text-align: left; height: 57px;\" data-celllook=\"69905\">\n<p style=\"text-align: center;\"><span style=\"font-family: tahoma, arial, helvetica, sans-serif;\">U7&nbsp;<\/span><\/p>\n<\/td>\n<td style=\"width: 195.617%; text-align: left; height: 57px;\" data-celllook=\"69905\">\n<p style=\"text-align: center;\"><span style=\"font-family: tahoma, arial, helvetica, sans-serif;\">10 min maximum&nbsp;<\/span><\/p>\n<\/td>\n<\/tr>\n<\/tbody>\n<\/table>\n","protected":false},"excerpt":{"rendered":"<p>CATEGORIES KID VTT 2025 Ann\u00e9es de Naissance Cat\u00e9gorie&nbsp; Temps de course&nbsp; 2011 et 2012&nbsp; U 15&nbsp; 30 \u00e0 45 min&nbsp; 2013 et 2014&nbsp; U 13&nbsp; 20 \u00e0 30 min&nbsp; 2015 et 2016&nbsp; U 11&nbsp; 10 \u00e0 20 min&nbsp; 2017 et 2018&nbsp; U 9&nbsp; 15 min maximum&nbsp; 2019 et 2020&nbsp; U7&nbsp; 10 min maximum&nbsp;<\/p>\n","protected":false},"author":1,"featured_media":0,"parent":0,"menu_order":0,"comment_status":"closed","ping_status":"closed","template":"","meta":{"ngg_post_thumbnail":0,"footnotes":""},"folder":[],"class_list":["post-448","page","type-page","status-publish","hentry"],"_links":{"self":[{"href":"https:\/\/aotlcyclisme.fr\/index.php\/wp-json\/wp\/v2\/pages\/448","targetHints":{"allow":["GET"]}}],"collection":[{"href":"https:\/\/aotlcyclisme.fr\/index.php\/wp-json\/wp\/v2\/pages"}],"about":[{"href":"https:\/\/aotlcyclisme.fr\/index.php\/wp-json\/wp\/v2\/types\/page"}],"author":[{"embeddable":true,"href":"https:\/\/aotlcyclisme.fr\/index.php\/wp-json\/wp\/v2\/users\/1"}],"replies":[{"embeddable":true,"href":"https:\/\/aotlcyclisme.fr\/index.php\/wp-json\/wp\/v2\/comments?post=448"}],"version-history":[{"count":6,"href":"https:\/\/aotlcyclisme.fr\/index.php\/wp-json\/wp\/v2\/pages\/448\/revisions"}],"predecessor-version":[{"id":455,"href":"https:\/\/aotlcyclisme.fr\/index.php\/wp-json\/wp\/v2\/pages\/448\/revisions\/455"}],"wp:attachment":[{"href":"https:\/\/aotlcyclisme.fr\/index.php\/wp-json\/wp\/v2\/media?parent=448"}],"wp:term":[{"taxonomy":"folder","embeddable":true,"href":"https:\/\/aotlcyclisme.fr\/index.php\/wp-json\/wp\/v2\/folder?post=448"}],"curies":[{"name":"wp","href":"https:\/\/api.w.org\/{rel}","templated":true}]}}