{"id":632,"date":"2024-11-17T17:03:30","date_gmt":"2024-11-17T16:03:30","guid":{"rendered":"https:\/\/aotlcyclisme.fr\/?page_id=632"},"modified":"2025-03-10T09:05:40","modified_gmt":"2025-03-10T08:05:40","slug":"kiid-vtt-resultat-2025","status":"publish","type":"page","link":"https:\/\/aotlcyclisme.fr\/index.php\/kiid-vtt-resultat-2025\/","title":{"rendered":"Kiid-vtt-resultat-2025"},"content":{"rendered":"<p style=\"text-align: center;\"><span style=\"font-family: tahoma, arial, helvetica, sans-serif; font-size: 18pt;\">T\u00e9l\u00e9charger les r\u00e9sultats et le classement g\u00e9n\u00e9ral<\/span><\/p>\n<p><a href=\"http:\/\/aotlcyclisme.fr\/wp-content\/uploads\/2024\/11\/KID-VTT-06-2025-ClassementGenerale.pdf\" rel=\"noopener\"><span style=\"font-family: tahoma, arial, helvetica, sans-serif;\">Kid VTT 06 Classement G\u00e9n\u00e9ral 2025<\/span><\/a><\/p>\n<p><span style=\"font-family: tahoma, arial, helvetica, sans-serif;\"><a href=\"http:\/\/aotlcyclisme.fr\/wp-content\/uploads\/2024\/11\/Kid06-AOTL-resultats-2025.pdf\">Kid VTT 06 AOTL resultats 2025 Tourrette Levens<\/a><\/span><\/p>\n<p><a href=\"http:\/\/aotlcyclisme.fr\/wp-content\/uploads\/2024\/11\/CLASSEMENT DE LA TURBIE.pdf\"><span style=\"font-family: tahoma, arial, helvetica, sans-serif;\">Kid VTT 06 de la turbie resultats 2025 Tourrette Levens<\/span><\/a><\/p>\n<p><a href=\"http:\/\/aotlcyclisme.fr\/wp-content\/uploads\/2024\/11\/GATTIERE 2025 KID.pdf\"><span style=\"font-family: tahoma, arial, helvetica, sans-serif;\">Kid VTT 06 COURSE de <\/span><span style=\"font-family: tahoma, arial, helvetica, sans-serif;\">g<\/span><span style=\"font-family: tahoma, arial, helvetica, sans-serif;\">attiere 9 mars 2025<\/span><\/a><\/p>\n","protected":false},"excerpt":{"rendered":"<p>T\u00e9l\u00e9charger les r\u00e9sultats et le classement g\u00e9n\u00e9ral Kid VTT 06 Classement G\u00e9n\u00e9ral 2025 Kid VTT 06 AOTL resultats 2025 Tourrette Levens Kid VTT 06 de la turbie resultats 2025 Tourrette Levens Kid VTT 06 COURSE de gattiere 9 mars 2025<\/p>\n","protected":false},"author":1,"featured_media":0,"parent":0,"menu_order":0,"comment_status":"closed","ping_status":"closed","template":"","meta":{"ngg_post_thumbnail":0,"footnotes":""},"folder":[],"class_list":["post-632","page","type-page","status-publish","hentry"],"_links":{"self":[{"href":"https:\/\/aotlcyclisme.fr\/index.php\/wp-json\/wp\/v2\/pages\/632","targetHints":{"allow":["GET"]}}],"collection":[{"href":"https:\/\/aotlcyclisme.fr\/index.php\/wp-json\/wp\/v2\/pages"}],"about":[{"href":"https:\/\/aotlcyclisme.fr\/index.php\/wp-json\/wp\/v2\/types\/page"}],"author":[{"embeddable":true,"href":"https:\/\/aotlcyclisme.fr\/index.php\/wp-json\/wp\/v2\/users\/1"}],"replies":[{"embeddable":true,"href":"https:\/\/aotlcyclisme.fr\/index.php\/wp-json\/wp\/v2\/comments?post=632"}],"version-history":[{"count":10,"href":"https:\/\/aotlcyclisme.fr\/index.php\/wp-json\/wp\/v2\/pages\/632\/revisions"}],"predecessor-version":[{"id":654,"href":"https:\/\/aotlcyclisme.fr\/index.php\/wp-json\/wp\/v2\/pages\/632\/revisions\/654"}],"wp:attachment":[{"href":"https:\/\/aotlcyclisme.fr\/index.php\/wp-json\/wp\/v2\/media?parent=632"}],"wp:term":[{"taxonomy":"folder","embeddable":true,"href":"https:\/\/aotlcyclisme.fr\/index.php\/wp-json\/wp\/v2\/folder?post=632"}],"curies":[{"name":"wp","href":"https:\/\/api.w.org\/{rel}","templated":true}]}}